{"id":67,"date":"2019-11-04T19:17:50","date_gmt":"2019-11-04T19:17:50","guid":{"rendered":"https:\/\/collie-kurzhaar.ch\/?page_id=67"},"modified":"2020-10-16T09:45:12","modified_gmt":"2020-10-16T09:45:12","slug":"ueber-uns","status":"publish","type":"page","link":"https:\/\/collie-kurzhaar.ch\/?page_id=67","title":{"rendered":"\u00dcber uns"},"content":{"rendered":"\n<ul class=\"display-posts-listing\"><li class=\"listing-item\"><span class=\"title\"><\/span><div class=\"content\">\n<p class=\"has-large-font-size\">Faszination Collie-Kurzhaar<\/p>\n\n\n\n<p>Wir sind eine f\u00fcnfk\u00f6pfige Familie aus der Region oberer Leberberg. Zwischen Aare und dem Solothurner Jura f\u00fchlen wir uns zuhause. Die einmalliege Landschaft fasziniert uns immer wieder und es gibt immer neues zu entdecken.<\/p>\n\n\n\n<div class=\"wp-block-image\"><figure class=\"alignleft size-large is-resized\"><img loading=\"lazy\" decoding=\"async\" src=\"https:\/\/collie-kurzhaar.ch\/wp-content\/uploads\/2020\/01\/IMG_4563-1024x768.jpg\" alt=\"\" class=\"wp-image-423\" width=\"253\" height=\"190\" srcset=\"https:\/\/collie-kurzhaar.ch\/wp-content\/uploads\/2020\/01\/IMG_4563-1024x768.jpg 1024w, https:\/\/collie-kurzhaar.ch\/wp-content\/uploads\/2020\/01\/IMG_4563-300x225.jpg 300w, https:\/\/collie-kurzhaar.ch\/wp-content\/uploads\/2020\/01\/IMG_4563-768x576.jpg 768w, https:\/\/collie-kurzhaar.ch\/wp-content\/uploads\/2020\/01\/IMG_4563-1536x1152.jpg 1536w, https:\/\/collie-kurzhaar.ch\/wp-content\/uploads\/2020\/01\/IMG_4563-2048x1536.jpg 2048w\" sizes=\"auto, (max-width: 253px) 100vw, 253px\" \/><\/figure><\/div>\n\n\n\n<p>Als tierliebende Familie hatten wir seit l\u00e4ngerem den Wunsch vom eigenen Familienhund. Nach intensiven Recherchen \u00fcber verschiedenste Rassen, haben wir uns dann entschieden den Collie Kurzhaar etwas genauer unter die Lupe zu nehmen. Entscheidend f\u00fcr unsere Wahl war damals sicher das viel zitierte freundliche Wesen und die Sportlichkeit dieser Rasse. Bereits nach einigen Begegnungen mit diesen Hunden war f\u00fcr uns klar es muss ein Collie-Kurzhaar sein. Nach \u00fcber eineinhalb Jahren Wartezeit hat sich dann im Jahr 2018 unser grosser Traum vom eigenen Familienhund erf\u00fcllt. Mit der H\u00fcndin Mala haben wir nebst unseren zwei Katzen ein weiteres Mitglied in unser Heim aufnehmen d\u00fcrfen. Nebst den vielen Stunden in der Natur geniessen wir auch die Zeit beim Training mit unserer H\u00fcndin. Begeistert sind wir nebst vielen guten Eigenschaften auch von der Intelligenz unserer Collie-Kurzhaar H\u00fcndin. Unsere Freude an dieser Rasse ist bis heute ungebremst und hat uns dazu bewegt mit Mala unseren ersten Wurf zu planen.<\/p>\n<\/div><\/li><\/ul>\n","protected":false},"excerpt":{"rendered":"","protected":false},"author":1,"featured_media":0,"parent":0,"menu_order":0,"comment_status":"closed","ping_status":"closed","template":"","meta":{"footnotes":""},"class_list":["post-67","page","type-page","status-publish","hentry"],"_links":{"self":[{"href":"https:\/\/collie-kurzhaar.ch\/index.php?rest_route=\/wp\/v2\/pages\/67","targetHints":{"allow":["GET"]}}],"collection":[{"href":"https:\/\/collie-kurzhaar.ch\/index.php?rest_route=\/wp\/v2\/pages"}],"about":[{"href":"https:\/\/collie-kurzhaar.ch\/index.php?rest_route=\/wp\/v2\/types\/page"}],"author":[{"embeddable":true,"href":"https:\/\/collie-kurzhaar.ch\/index.php?rest_route=\/wp\/v2\/users\/1"}],"replies":[{"embeddable":true,"href":"https:\/\/collie-kurzhaar.ch\/index.php?rest_route=%2Fwp%2Fv2%2Fcomments&post=67"}],"version-history":[{"count":7,"href":"https:\/\/collie-kurzhaar.ch\/index.php?rest_route=\/wp\/v2\/pages\/67\/revisions"}],"predecessor-version":[{"id":501,"href":"https:\/\/collie-kurzhaar.ch\/index.php?rest_route=\/wp\/v2\/pages\/67\/revisions\/501"}],"wp:attachment":[{"href":"https:\/\/collie-kurzhaar.ch\/index.php?rest_route=%2Fwp%2Fv2%2Fmedia&parent=67"}],"curies":[{"name":"wp","href":"https:\/\/api.w.org\/{rel}","templated":true}]}}

Über uns

<ul class="display-posts-listing"><li class="listing-item"><span class="title"></span><div class="content">
<p class="has-large-font-size">Faszination Collie-Kurzhaar</p>



<p>Wir sind eine fünfköpfige Familie aus der Region oberer Leberberg. Zwischen Aare und dem Solothurner Jura fühlen wir uns zuhause. Die einmalliege Landschaft fasziniert uns immer wieder und es gibt immer neues zu entdecken.</p>



<div class="wp-block-image"><figure class="alignleft size-large is-resized"><img loading="lazy" decoding="async" src="https://collie-kurzhaar.ch/wp-content/uploads/2020/01/IMG_4563-1024x768.jpg" alt="" class="wp-image-423" width="253" height="190" srcset="https://collie-kurzhaar.ch/wp-content/uploads/2020/01/IMG_4563-1024x768.jpg 1024w, https://collie-kurzhaar.ch/wp-content/uploads/2020/01/IMG_4563-300x225.jpg 300w, https://collie-kurzhaar.ch/wp-content/uploads/2020/01/IMG_4563-768x576.jpg 768w, https://collie-kurzhaar.ch/wp-content/uploads/2020/01/IMG_4563-1536x1152.jpg 1536w, https://collie-kurzhaar.ch/wp-content/uploads/2020/01/IMG_4563-2048x1536.jpg 2048w" sizes="auto, (max-width: 253px) 100vw, 253px" /></figure></div>



<p>Als tierliebende Familie hatten wir seit längerem den Wunsch vom eigenen Familienhund. Nach intensiven Recherchen über verschiedenste Rassen, haben wir uns dann entschieden den Collie Kurzhaar etwas genauer unter die Lupe zu nehmen. Entscheidend für unsere Wahl war damals sicher das viel zitierte freundliche Wesen und die Sportlichkeit dieser Rasse. Bereits nach einigen Begegnungen mit diesen Hunden war für uns klar es muss ein Collie-Kurzhaar sein. Nach über eineinhalb Jahren Wartezeit hat sich dann im Jahr 2018 unser grosser Traum vom eigenen Familienhund erfüllt. Mit der Hündin Mala haben wir nebst unseren zwei Katzen ein weiteres Mitglied in unser Heim aufnehmen dürfen. Nebst den vielen Stunden in der Natur geniessen wir auch die Zeit beim Training mit unserer Hündin. Begeistert sind wir nebst vielen guten Eigenschaften auch von der Intelligenz unserer Collie-Kurzhaar Hündin. Unsere Freude an dieser Rasse ist bis heute ungebremst und hat uns dazu bewegt mit Mala unseren ersten Wurf zu planen.</p>
</div></li></ul>
